(-26)) is divided by 103.
99
Let n be (-6 + -4)*(2*-3)/2. Suppose -8*a - n = -342. Suppose -y - 9 = -2*y + 3*d, -2*d = -2*y + 34. What is the remainder when a is divided by y?
18
Suppose s + 136 = 8*j + 6*s, 4*j = 2*s + 68. Suppose 3*w = o + 38, -4*o - 183 = -3*w - 22. Let t = o - -125. What is the remainder when t is divided by j?
16
Let r = 4027 + -4015. Suppose 4*p - 240 = 272. What is the remainder when p is divided by r?
8
Let w = -205 + 37. Let h = w + 212. What is the remainder when h is divided by 6/(-27) + 418/18?
21
Suppose -f = -15*g + 19*g - 20049, -f = g - 5007. What is the remainder when g is divided by 7?
2
Let w(f) = -83 + 73 - 10*f + 119 + 67. What is the remainder when 163 is divided by w(15)?
7
Let h(z) = z + 2. Let y be h(-2). Suppose -m = 5, -2*f = 2*m + 14 - y. What is the remainder when 94 is divided by ((-42)/4 - -1)*f?
18
What is the remainder when 439 is divided by 0 + 146 + 9 - 6?
141
Suppose -5*n - 4*z - 30 = -3*n, 5*n = z - 53. Calculate the remainder when 245 is divided by (n/2 - 2)*60/(-18).
20
Let q = 1610 - 1017. Let j = q - 574. What is the remainder when j is divided by (-4)/(-6) - (-22)/3?
3
Let y(t) = -4*t + 14 + 13*t + 4*t + 6*t**2 - 5*t**2 - 7*t. What is the remainder when y(-9) is divided by 37?
4
Let x(a) = a. Let o be x(-7). Let j be (-1)/(-2)*(3/(-1) - o). Suppose 9*c - 196 = j*c. What is the remainder when 83 is divided by c?
27
Suppose w - 8 + 11 = -f, 3*f = 5*w - 41. Let r(x) = x**3 + 10*x**2 + 6*x - 22. Calculate the remainder when r(f) is divided by 15.
8
Suppose 5*b + 3*u - 1773 = 8*b, -5*b - u = 2925. Let h = -437 - b. What is the remainder when h is divided by 25?
24
Calculate the remainder when 1406 is divided by (3 - -13)/(10/40).
62
Let z(p) = 2*p**2 - 23*p + 22. Let f be z(11). Suppose -256 = -f*t - 5*t. Calculate the remainder when 29 is divided by t.
13
Let u be (5 - 0/(-4) - 4) + 104. Suppose -3*h - 21 = -u. Calculate the remainder when 105 is divided by h.
21
Suppose -110*w + 120*w = 17280. Suppose -8*h + w = 8*h. What is the remainder when h is divided by 11?
9
Let i = -21086 + 21181. What is the remainder when 488 is divided by i?
13
Let w(q) = -q**2 + 8*q + 10. Let z(f) = -f**3 + 19*f**2 - 2*f + 38. Let p be z(19). Calculate the remainder when 113/3 + (-3)/(-9) is divided by w(p).
8
Let o = -10411 + 11464. Calculate the remainder when o is divided by 107.
90
Let p(w) = w**2 + 2*w. Let a be p(-4). Suppose -a*n = -2*n - 24. Suppose -21 = 3*c - 183. Calculate the remainder when c is divided by n.
2
Suppose 2500 = 2*x - 3062. Suppose 0 = 6*u + 3*u - x. Calculate the remainder when u is divided by 39.
36
Calculate the remainder when 1147 is divided by (-2360)/(-944)*(-46)/(-5).
20
Let r(z) = z**3 + 3*z**2 - 5*z - 2. Let w be r(-4). Let u(y) = 30*y**2 - 54*y + 33. What is the remainder when 0/(-4 + w) - -269 is divided by u(2)?
44
Let o(j) = j**3 + 9*j**2 + 12. Let y be ((-8)/(-10))/(8/20). Let a = 37 - y. What is the remainder when a is divided by o(-9)?
11
Let r = 17532 + -17459. What is the remainder when 236 is divided by r?
17
Let d = 6010 - 5701. Calculate the remainder when d is divided by 12.
9
Let c = -187 - -192. Suppose -3*i + c*h + 105 = 2*h, 3*i = -h + 113. What is the remainder when 125 is divided by i?
14
Let u = -9 + 49. Let c = 148 - u. What is the remainder when c is divided by 22?
20
Suppose 0 = 3*m + r - 10, m + 4*r = -3 - 1. Suppose 16*s = 11*s - 140. Calculate the remainder when 15/6 + (-546)/s is divided by m.
2
Let v(i) = -i**3 + 15*i**2 + 50*i + 13. Calculate the remainder when v(15) is divided by 255.
253
Let c(m) = 11*m**2 - 17*m + 101. Calculate the remainder when c(18) is divided by 30.
29
Suppose 5*s + 0 = 20. Let m be s/14 - 161/49. What is the remainder when -19*(m - (-1 + -1)) is divided by 10?
9
Let w be 4/18 - (-58)/(-18). Let d(k) = 47*k + 727. Let o be d(-15). What is the remainder when o/33 - 58/w is divided by 11?
9
What is the remainder when 2375 is divided by (220/2)/((92/598)/((-1)/(-13)))?
10
Let r = 234 + -222. Suppose r*s + 152 = 4*x + 11*s, 3*x = 5*s + 97. Calculate the remainder when x is divided by 8.
7
Suppose 90 = -3*n + 2*o - 5, 0 = -n - 2*o - 37. Let j = -15 - -4. Let d = j - n. Calculate the remainder when d is divided by 4.
2
Let l = -41 - -44. Suppose 0 = -s - k, l*s = k + 9 - 1. Suppose s*h - 326 = -4*y, -y = -3*h + 44 - 122. Calculate the remainder when y is divided by 21.
18
Calculate the remainder when 61495/2510*((-16)/(-14) - (-3 - -3)) is divided by 2/(-7) + (-242)/(-14).
11
Let j = -59 - -87. Suppose 2*h - j - 18 = -2*p, 4 = -p. Let u = -14 + h. What is the remainder when 38 is divided by u?
12
Suppose 528*d - 92630 = 1882. What is the remainder when 597 is divided by d?
60
Let c = -11 + 5. Let x(s) = -2*s + 1. Let h(j) = 3*j - 14. Let z(t) = h(t) + 5*x(t). What is the remainder when 129 is divided by z(c)?
30
Suppose 3*l - 7*l + 3*r + 37 = 0, l = -4*r - 5. What is the remainder when (-34)/1*(5 - 6) is divided by l?
6
Let x(j) = -1875*j + 9407. Calculate the remainder when 565 is divided by x(5).
21
Let a = -5925 + 5986. What is the remainder when 746 is divided by a?
14
Let i = 113 + -110. Suppose 54 = i*v - 4*g - 19, 0 = 2*v + 5*g - 64. What is the remainder when 103 is divided by v?
22
Let p(i) = -39*i - i**3 - 5*i**2 - 39 - 23*i**2 + 2*i**2 + 6*i**2 + 0*i**2. Calculate the remainder when 146 is divided by p(-18).
11
Suppose -5*x + 284 = -q + 339, -3*x = -5*q + 143. Calculate the remainder when 442 is divided by q.
17
Let s(u) = 28*u - 59. Let g = 537 - 533. Calculate the remainder when s(g) is divided by 9.
8
Let u = 63 + -45. Let j = u - 13. Let o = j - -12. What is the remainder when 66 is divided by o?
15
Suppose -1858 = 71*z - 87*z + 1598. What is the remainder when z is divided by 16?
8
Let g(c) = c**3 - 2*c**2 - 2*c + 32. Let n = -177 - -177. Let m = 105 - -20. Calculate the remainder when m is divided by g(n).
29
Suppose t - 35 = -0*t. Let z(m) = -148*m**3 + 5*m**2 + 42*m + 38. What is the remainder when z(-1) is divided by t?
9
Let k(x) = -x**3 + 93*x**2 - 102*x + 1100. What is the remainder when k(92) is divided by 83?
14
Suppose -5*p - 3*m + 227 = 0, 6*m - m = 5*p - 195. Suppose -77*o = -12278 - 13979. Calculate the remainder when o is divided by p.
40
Let t(k) = -63*k - 293. What is the remainder when 903 is divided by t(-5)?
1
Let f be 102 + -4 + (-2)/(12/30). Let s = -16 - 38. Let r = s + f. Calculate the remainder when r is divided by 10.
9
Calculate the remainder when 483 is divided by (0 + 33)*-1*(-528)/198.
43
Let t be (40/12)/((-1)/(-3)). Let g be (5/((-125)/(-20)))/((-2)/t). Calculate the remainder when (138/g)/(21/(-28)) is divided by 25.
21
Let z = -10142 + 14841. Calculate the remainder when z is divided by 47.
46
Let l(q) = -3*q**3 - 3*q**2 - 2*q - 46. Calculate the remainder when l(-6) is divided by 64.
58
Suppose -9*m - 92 = -y - 13*m, -4*m - 316 = -5*y. Calculate the remainder when y is divided by 13.
3
Calculate the remainder when 857 is divided by (114/(-10))/((144/(-80))/3).
2
Suppose 20*m = -4*u + 15*m + 1612, 0 = 7*u - m - 2860. Calculate the remainder when u is divided by 84.
72
Suppose -f = -4*c + 403, 4*c + 6*f - 3*f - 423 = 0. Suppose 34*z - c = 32*z. What is the remainder when z is divided by 245/(-14)*8/(-10)?
9
Let i(h) = -h**3 + 9*h**2 - 7*h - 6. Let k be (6/4)/((-3)/(-8)). Suppose 2*b - k*b = -4. What is the remainder when b is divided by i(8)?
0
Let s(o) = 7318*o + 43915. Suppose 0 = 2*h, 3*i = 6*i - h - 57. What is the remainder when i is divided by s(-6)?
5
Let v(z) be the third derivative of -z**5/60 + z**4/2 + 7*z**3/6 + 675*z**2. Let m = 9 + -4. What is the remainder when v(m) is divided by 22?
20
Let r(t) = t**3 - 13*t**2 - 8*t - 9. Let n be r(13). Let s = -45 - n. Calculate the remainder when s is divided by 15 - (2 - (4 + 1)).
14
Let u be (-11)/4*-2 + 3/6. Suppose 2020 = 4*j + u*j. Suppose j = w + w. What is the remainder when w is divided by 26?
23
Let x = -5982 - -6055. Calculate the remainder when 348 is divided by x.
56
Let n(o) = 222*o - 487. Calculate the remainder when n(3) is divided by 72.
35
Suppose -36*a + 22 = -34*a. Suppose 4*n = a + 9. Calculate the remainder when 23 is divided by n.
3
Let k(y) = -13*y**3 + y**2 + 98*y + 372. Calculate the remainder when k